{"id":49,"date":"2025-09-14T19:29:22","date_gmt":"2025-09-14T17:29:22","guid":{"rendered":"https:\/\/lacultureallemande.com\/?page_id=49"},"modified":"2026-01-26T15:32:39","modified_gmt":"2026-01-26T14:32:39","slug":"modules","status":"publish","type":"page","link":"https:\/\/lacultureallemande.com\/index.php\/2025-2\/secondes\/modules\/","title":{"rendered":"Modules &#8211; Secondes 2025"},"content":{"rendered":"\n<p><strong>H\u00f6ren \u2013 Sprechen \u2013 Schreiben<br><\/strong>-\u00ab&nbsp;H&nbsp;\u00bb muet ou expir\u00e9<br>\u2013 Son \u00ab&nbsp;sch&nbsp;\u00bb ou \u00ab&nbsp;ch&nbsp;\u00bb<br><strong>Grammatik :<\/strong> Phrase \u00e9nonciative et ordre des \u00e9l\u00e9ments <br>&#8211; R\u00e9pondre aux questions en employant une phrase \u00e9nonciative simple <br>&#8211; Construire des phrases \u00e9nonciatives commen\u00e7ant par : ich glaube, dass &#8211; ich weiss, dass &#8211; ich denke, dass<br>&#8211; Placer en premi\u00e8re position un autre \u00e9l\u00e9ment que le sujet <br><\/p>\n\n\n\n<p><strong>H\u00f6ren \u2013 Sprechen \u2013 Schreiben<\/strong><br>S ou Z ?<br>\u2013 Ecoute des mots, trouver la lettre manquante : s ou z ?<br>\u2013 lecture des mots \u00e0 haute voix<br>\u2013 recopier les mots entendus<br><strong>Grammatik<\/strong> : La phrase interrogative <br>&#8211; Faire correspondre les questions et les r\u00e9ponses<br>&#8211; Trouver les questions ferm\u00e9es et ouvertes <br>&#8211; Compl\u00e9ter par le pronom interrogatif qui convient <br><strong>&#8211; Le locatif et directif <\/strong><br>&#8211; D\u00e9terminer si les compl\u00e9ments pr\u00e9positionnels sont de type locatif ou directif <br>&#8211; A partir d&rsquo;exemple, suggerer d&rsquo;autres destinations <br>&#8211; Compl\u00e9ter en choisissant nach, in ou auf <br><br><strong>H\u00f6ren \u2013 Sprechen \u2013 Schreiben<\/strong><br>S devant T<br>S devant P<br>\u2013 Ecoute des mots, comment se prononce la lettre T ? Pourquoi ?<br>\u2013 Ecoute des mots, comment se prononce la lettre S ? Pourquoi ?<br>\u2013 Recopier et souligner les lettres SP et ST quand le S se prononce comme le son SCH en allemand<br><strong>Grammatik<\/strong> : <strong>La forme n\u00e9gative <\/strong><br>&#8211; R\u00e9pondre aux questions en employant la forme n\u00e9gative <br>&#8211; Dire le contraire en employant la forme n\u00e9gative <br>&#8211; Compl\u00e9ter par nicht &#8211; kein, keine, keinen <br><strong>Le domaine temporel : <\/strong><br>&#8211; Quelles sont les pr\u00e9positions manquantes ? : am-im-um-zu <br>&#8211; Compl\u00e9ter un journal de bord \u00e0 l&rsquo;aide des pr\u00e9positions um, am, in+article, von et bis <br><strong>L&rsquo;ordre des \u00e9l\u00e9ments dans la phrase allemande <\/strong><br>&#8211; Exercice d&rsquo;observation : phrases correctes ou incorrectes <br>&#8211; Construire des phrases \u00e0 partir d&rsquo;\u00e9l\u00e9ments donn\u00e9s <br>&#8211; Placer des \u00e9l\u00e9ments dans un texte<br><strong>Entra\u00eenement lexical <\/strong><br>&#8211; indiquer les noms d\u00e9riv\u00e9s de verbes <br>&#8211; formation des noms, leur genre, pourquoi ?<br>&#8211; retrouver un maximum de mots compos\u00e9s, les traduire <br>&#8211; dans quel ordre placer les deux mots qui composent les mots compos\u00e9s<br>&#8211; associer les verbes aux d\u00e9finitions<br>&#8211; compl\u00e9ter les phrases avec les verbes qui conviennent <br>&#8211; classer les mots selon qu&rsquo;ils se rapportent \u00e0 des lieux, personnages ou au deux <br>&#8211; relier les \u00e9quivalents <br>&#8211; classer les mots suivant qu&rsquo;ils appartiennent \u00e0 des personnes, des monuments\/b\u00e2timents <br>&#8211; compl\u00e9ter les d\u00e9finitions en choisissant parmi les mots compos\u00e9s <br><strong>Grammatik : les verbes de modalit\u00e9 <\/strong><br>&#8211; choisir pour chacune des phrases le verbe de modalit\u00e9 qui convient <br>&#8211; exprimer l&rsquo;id\u00e9e contenue dans chaque phrase en utilisant soit sollen soit wollen <br>&#8211; wissen ou k\u00f6nnen ? <br><strong>H\u00f6ren &#8211; Sprechen &#8211; Sc hreiben <\/strong><br>Les mots compos\u00e9s  : d\u00e9composer des mots compos\u00e9s en s\u00e9parant les diff\u00e9rentes parties <br>&#8211; Ecouter et souligner dans chacun d&rsquo;eux la syllabe qui porte l&rsquo;accent principal<br>&#8211; Lire les mots \u00e0 haute voix<br><strong>Grammatik <\/strong><br>La d\u00e9clinaison de l&rsquo;adjectif \u00e9pith\u00e8te : exercices d&rsquo;entra\u00eenement<br><strong>Entra\u00eenement lexical <\/strong><br>&#8211; Former un maximum de mots compos\u00e9s \u00e0 partir des \u00e9tiquettes et ajouter les articles <br>&#8211; Compl\u00e9ter par les verbes qui conviennent <br>&#8211; Compl\u00e9ter les phrases avec les verbes ad\u00e9quats au parfait <br>&#8211; Trouver les noms d\u00e9riv\u00e9s des verbes<br>&#8211; Compl\u00e9ter les phrases avec les pr\u00e9positions qui conviennent<br>&#8211; Associer les \u00e9l\u00e9ments de deux colonnes pour reconstituer les groupes infinitifs<br>&#8211; Retrouver les contraires <br>&#8211; Trouver l&rsquo;intrus en justifiant son choix <br><br><br><\/p>\n","protected":false},"excerpt":{"rendered":"<p>H\u00f6ren \u2013 Sprechen \u2013 Schreiben-\u00ab&nbsp;H&nbsp;\u00bb muet ou expir\u00e9\u2013 Son \u00ab&nbsp;sch&nbsp;\u00bb ou \u00ab&nbsp;ch&nbsp;\u00bbGrammatik : Phrase \u00e9nonciative et ordre des \u00e9l\u00e9ments &#8211; R\u00e9pondre aux questions en employant une phrase \u00e9nonciative simple &#8211; Construire des phrases \u00e9nonciatives commen\u00e7ant par : ich glaube, dass &#8211; ich weiss, dass &#8211; ich denke, dass&#8211; Placer en premi\u00e8re position un autre \u00e9l\u00e9ment &hellip; <a href=\"https:\/\/lacultureallemande.com\/index.php\/2025-2\/secondes\/modules\/\" class=\"more-link\">Continuer la lecture de <span class=\"screen-reader-text\">Modules &#8211; Secondes 2025<\/span>  <span class=\"meta-nav\">&rarr;<\/span><\/a><\/p>\n","protected":false},"author":1,"featured_media":0,"parent":45,"menu_order":0,"comment_status":"closed","ping_status":"closed","template":"","meta":{"footnotes":""},"class_list":["post-49","page","type-page","status-publish","hentry"],"_links":{"self":[{"href":"https:\/\/lacultureallemande.com\/index.php\/wp-json\/wp\/v2\/pages\/49","targetHints":{"allow":["GET"]}}],"collection":[{"href":"https:\/\/lacultureallemande.com\/index.php\/wp-json\/wp\/v2\/pages"}],"about":[{"href":"https:\/\/lacultureallemande.com\/index.php\/wp-json\/wp\/v2\/types\/page"}],"author":[{"embeddable":true,"href":"https:\/\/lacultureallemande.com\/index.php\/wp-json\/wp\/v2\/users\/1"}],"replies":[{"embeddable":true,"href":"https:\/\/lacultureallemande.com\/index.php\/wp-json\/wp\/v2\/comments?post=49"}],"version-history":[{"count":11,"href":"https:\/\/lacultureallemande.com\/index.php\/wp-json\/wp\/v2\/pages\/49\/revisions"}],"predecessor-version":[{"id":262,"href":"https:\/\/lacultureallemande.com\/index.php\/wp-json\/wp\/v2\/pages\/49\/revisions\/262"}],"up":[{"embeddable":true,"href":"https:\/\/lacultureallemande.com\/index.php\/wp-json\/wp\/v2\/pages\/45"}],"wp:attachment":[{"href":"https:\/\/lacultureallemande.com\/index.php\/wp-json\/wp\/v2\/media?parent=49"}],"curies":[{"name":"wp","href":"https:\/\/api.w.org\/{rel}","templated":true}]}}